vert -1531 (base 15) to base 11.
-3463
What is 22311 (base 5) in base 2?
11000101101
-4311 (base 5) to base 13
-359
Convert 24ea (base 15) to base 13.
3775
What is 23101 (base 5) in base 9?
2234
What is -1319 (base 10) in base 4?
-110213
-22162 (base 7) to base 4
-1113031
What is -2043 (base 5) in base 13?
-180
Convert 594 (base 10) to base 2.
1001010010
Convert 1100111011101 (base 2) to base 10.
6621
3287 (base 9) to base 10
2428
Convert 10101101001 (base 2) to base 9.
1808
110421 (base 5) to base 14
159b
What is -24304 (base 5) in base 3?
-2111202
-212021002 (base 3) to base 7
-100304
Convert -3e9 (base 16) to base 6.
-4345
What is -314320 (base 6) in base 7?
-134442
Convert -111011001100 (base 2) to base 16.
-ecc
Convert -24405 (base 9) to base 6.
-203435
Convert -1468 (base 12) to base 9.
-3238
Convert 11a0 (base 11) to base 6.
11122
Convert -327 (base 13) to base 8.
-1034
What is -188 (base 11) in base 2?
-11011001
What is -2377 (base 9) in base 12?
-1037
-12221 (base 4) to base 14
-225
What is 22202 (base 4) in base 5?
10144
Convert 485 (base 10) to base 3.
122222
What is 20a (base 11) in base 16?
fc
What is 110001101 (base 2) in base 9?
481
What is -472 (base 8) in base 16?
-13a
173 (base 14) to base 7
603
Convert -205123 (base 7) to base 10.
-35395
What is 6725 (base 10) in base 6?
51045
What is 141220 (base 5) in base 9?
7865
Convert 406 (base 16) to base 6.
4434
What is 253352 (base 6) in base 9?
34265
What is 21485 (base 10) in base 11?
15162
Convert -1542 (base 6) to base 8.
-646
3015 (base 6) to base 10
659
-813 (base 14) to base 5
-22320
Convert 206154 (base 7) to base 9.
54043
What is -263 (base 16) in base 10?
-611
What is 2240 (base 5) in base 10?
320
Convert 256 (base 7) to base 4.
2023
Convert 1120121 (base 3) to base 9.
1517
21332 (base 5) to base 10
1467
111142 (base 5) to base 8
7522
71 (base 12) to base 13
67
What is 1952 (base 14) in base 13?
2114
-31443 (base 8) to base 11
-9921
What is 2442 (base 8) in base 4?
110202
-421514 (base 7) to base 14
-1c67b
3001 (base 16) to base 10
12289
What is -11011000 (base 2) in base 16?
-d8
141 (base 12) to base 15
cd
What is -32131 (base 5) in base 2?
-100001110110
Convert -1b07 (base 14) to base 12.
-2a0b
Convert 1110000111 (base 2) to base 14.
487
Convert -929 (base 11) to base 4.
-101200
What is 6335 (base 7) in base 9?
3048
c75 (base 15) to base 12
1762
What is -345 (base 10) in base 4?
-11121
What is 8290 (base 10) in base 2?
10000001100010
Convert 27a (base 15) to base 6.
2341
-1100100010 (base 2) to base 7
-2224
-12b8 (base 14) to base 13
-1669
What is 44414 (base 6) in base 14?
2390
What is -1887a (base 12) in base 8?
-105736
705 (base 10) to base 5
10310
What is 34453 (base 7) in base 4?
2021221
What is 1286 (base 9) in base 11?
801
Convert 55211 (base 6) to base 9.
11427
Convert 621a (base 13) to base 7.
54325
-24656 (base 8) to base 4
-2212232
-2dc (base 16) to base 11
-606
What is 127 (base 10) in base 2?
1111111
What is 2661 (base 7) in base 14?
531
Convert 12221010 (base 3) to base 11.
3280
Convert -5122 (base 7) to base 11.
-1379
642 (base 14) to base 10
1234
Convert -13123001 (base 4) to base 14.
-b117
What is -3127 (base 16) in base 15?
-3add
What is -20002322 (base 4) in base 6?
-412322
143f (base 16) to base 7
21053
What is 712 (base 16) in base 5?
24220
110110111101111 (base 2) to base 11
1a165
What is -15563 (base 7) in base 3?
-20001012
Convert -95 (base 15) to base 16.
-8c
1310 (base 7) to base 5
3442
-35 (base 13) to base 11
-40
-294c (base 16) to base 15
-31ec
Convert 22301313 (base 4) to base 15.
d136
What is 22123321 (base 4) in base 10?
42745
What is -1526 (base 8) in base 15?
-3be
What is e01 (base 15) in base 11?
2405
What is 82c9 (base 14) in base 13?
a335
Convert -26614 (base 9) to base 5.
-1033440
What is -164051 (base 7) in base 13?
-11b04
What is -1563 (base 10) in base 16?
-61b
What is 830 (base 13) in base 9?
1815
Convert -26704 (base 8) to base 13.
-5443
-6281 (base 14) to base 10
-16969
42920 (base 10) to base 6
530412
-45e (base 15) to base 3
-1100122
What is 57168 (base 10) in base 9?
86370
420300 (base 6) to base 7
200361
Convert 1012100022 (base 3) to base 9.
35308
11122201 (base 3) to base 8
6502
What is 2175 (base 8) in base 2?
10001111101
What is 1222 (base 6) in base 16?
12e
Convert -633 (base 13) to base 10.
-1056
What is -16020 (base 7) in base 3?
-20010200
Convert 23634 (base 7) to base 11.
4691
303323 (base 6) to base 13
ac7a
1011011111101 (base 2) to base 15
1b25
-21d (base 15) to base 2
-111011110
What is -114124 (base 5) in base 12?
-2595
What is 4363 (base 14) in base 7?
45653
Convert 71d1 (base 14) to base 11.
13797
What is b60 (base 16) in base 15?
ce2
-32744 (base 8) to base 9
-20828
Convert -2392 (base 10) to base 13.
-1120
What is 1030222 (base 4) in base 8?
11452
Convert a (base 15) to base 2.
1010
Convert 5346 (base 10) to base 15.
18b6
-11233 (base 4) to base 12
-267
6538 (base 11) to base 6
103544
What is -22a1 (base 15) in base 5?
-213401
Convert -4206 (base 9) to base 12.
-1950
What is -513 (base 10) in base 16?
-201
What is 200202 (base 4) in base 13?
c42
What is 33572 (base 9) in base 13?
a226
What is -1e8 (base 16) in base 9?
-602
Convert -4628 (base 9) to base 5.
-102203
Convert 122 (base 7) to base 11.
5a
What is 36eb (base 15) in base 11?
8873
Convert -275 (base 10) to base 9.
-335
What is -5755 (base 9) in base 6?
-31422
-40123 (base 5) to base 15
-b43
Convert -5228 (base 13) to base 15.
-3572
1a5 (base 12) to base 14
153
What is -43011 (base 9) in base 4?
-12330121
What is -219 (base 10) in base 9?
-263
What is 100110000011000 (base 2) in base 12?
b334
122001 (base 5) to base 9
6310
Convert 10113 (base 6) to base 12.
939
What is -95 (base 15) in base 8?
-214
What is -144030 (base 5) in base 14?
-2348
68 (base 11) to base 8
112
What is -32113 (base 4) in base 7?
-2452
What is -21330 (base 4) in base 12?
-450
What is -9965 (base 11) in base 15?
-3d5e
Convert -1745 (base 9) to base 4.
-110321
-1010011011000 (base 2) to base 11
-4011
Convert -1155 (base 9) to base 3.
-1011212
What is -230434 (base 5) in base 2?
-10000000110100
Convert 24042 (base 6) to base 7.
13103
What is -23730 (base 11) in base 14?
-c639
1354 (base 8) to base 11
620
Convert -3312214 (base 5) to base 9.
-86387
Convert -101111111001111 (base 2) to base 4.
-11333033
Convert -11b5 (base 16) to base 7.
-16134
What is -88233 (base 9) in base 10?
-58512
What is 1022 (base 14) in base 10?
2774
101202 (base 3) to base 5
2130
511 (base 13) to base 8
1533
What is -5a7 (base 11) in base 8?
-1322
Convert 362 (base 11) to base 10.
431
Convert -244 (base 6) to base 11.
-91
Convert 3560 (base 7) to base 10.
1316
Convert -221 (base 9) to base 10.
-181
786 (base 10) to base 16
312
What is 197b (base 16) in base 7?
25006
Convert -220210201 (base 3) to base 11.
-12649
What is -11166 (base 7) in base 14?
-106d
-377 (base 14) to base 5
-10233
Convert -1663 (base 8) to base 4.
-32303
Convert -740 (base 8) to base 2.
-111100000
Convert -63475 (base 8) to base 2.
-110011100111101
-335 (base 15) to base 3
-222212
-38 (base 13) to base 3
-1202
Convert -433401 (base 6) to base 8.
-105711
Convert -342 (base 7) to base 3.
-20120
Convert -702 (base 10) to base 7.
-2022
-121050 (base 6) to base 4
-2211312
What is -926 (base 11) in base 16?
-45d
What is -3305 (base 8) in base 14?
-8bb
What is 30104 (base 9) in base 7?
111430
5372 (base 8) to base 5
42220
110000001 (base 2) to base 7
1060
106 (base 15) to base 8
347
Convert -152142 (base 6) to base 10.
-14750
What is -12266 (base 7) in base 10?
-3233
Convert -1200110 (base 3) to base 15.
-56c
-57d (base 15) to base 5
-14433
Convert -467 (base 10) to base 6.
-2055
-84308 (base 9) to base 8
-154547
Convert -1143502 (base 6) to base 5.
-3413241
-25782 (base 11) to base 7
-212335
235 (base 6) to base 8
137
Convert 111010101111010 (base 2) to base 9.
45225
1b6 (base 16) to base 2
110110110
11110101011110 (base 2) to base 13
71c6
What is 13734 (base 10) in base 11?
a356
What is 723 (base 9) in base 5?
4323
What is 310661 (base 7) in base 9?
80825
What is 106321 (base 8) in base 15?
aa34
2150 (base 12) to base 8
7114
Convert 13440 (base 5) to base 9.
1474
Convert -1334040 (base 5) to base 10.
-27395
Convert 62416 (base 9) to bas